
Let a(t) = -t**3 - 8*t**2 - 7*t - 3. Let g(m) = -12*m**2 - 7*m - 2. Let u be g(-1). Determine a(u).
-3
Let w(f) = -3*f - 5. Let k = 7 + -3. Suppose 5*d + 0*z - 14 = -z, z + 4 = k*d. Suppose 0 = n - 3*y - 7, 3*n - 4*n + d*y + 3 = 0. Determine w(n).
10
Let c(h) = -h + 8. Let g(m) = -m**3 - m**2 + 6. Let k(z) = -z + 7. Suppose 2*q + 5*s + 11 = 0, 4*s = -q - 0 - 13. Let u be k(q). Let r be g(u). Give c(r).
2
Let x(l) be the first derivative of -l**3/3 - 5*l**2/2 + 6*l - 5. Suppose -14*w - 10*w - 120 = 0. Calculate x(w).
6
Let t be 1 + (-5)/(25/(-10))*2. Let d(o) = -o**2 + 8*o - 15. What is d(t)?
0
Let b(r) = r. Let c(x) = -x**2 + 9*x + 1. Suppose -j + 2 = -a, -4*a + 1 = -5*a. Let n(z) = j*c(z) - 6*b(z). Let l = 103 - 101. What is n(l)?
3
Let b(z) = 12*z - 71*z**2 + 68*z**2 + 4 + 5. Let n(s) = -2*s**2 + 8*s + 6. Let m(c) = 5*b(c) - 8*n(c). Calculate m(6).
9
Let f = 73 + -71. Let s(r) = -1082*r - r**f + 1082*r. Let g = 4 + -1. What is s(g)?
-9
Let w be (8 - 6)/((-18)/(-63)). Let c(d) = -3*d + 9. Determine c(w).
-12
Suppose 7 - 19 = -3*b. Let a be ((-6)/(-4))/(2/b). Let f(c) = -2 + 54*c - 7*c**2 + c**3 - 48*c + a. Give f(6).
1
Let p(w) = -10*w**2 + 2*w - 1. Let t(m) = -8*m**2 + 3*m - 1. Let g(q) = -3*p(q) + 4*t(q). Give g(5).
-21
Let w(g) = g + 1. Let m(o) be the first derivative of o**3/3 + 7*o**2/2 + 3*o - 3. Let a(y) = m(y) - 3*w(y). Let b = 49 + -53. Determine a(b).
0
Let w = 22 + -14. Let t be (-57)/(-76) - (-42)/w. Let l(o) = o**2 - 7*o + 1. Calculate l(t).
-5
Let r(w) = -w + 1. Let b(v) = v**2 + v + 1. Let f(z) = -b(z) - 6*r(z). Let s(g) = g**3 - 6*g**2 - 8*g + 71. Let q be s(5). Calculate f(q).
-13
Suppose 2*c + u = -3*u - 2, c = u + 2. Suppose -a - 3*a - 20 = -4*h, -5*a - c = h. Let l(j) = -3*j + 3 - 4 - j. Calculate l(h).
-17
Let q = 8 + 3. Let r = -6 + q. Suppose -4*u = -3*u - r. Let l(t) = 2*t. What is l(u)?
10
Suppose -2*w = 2*q - 2, -1 = 2*q + q + 5*w. Let c(d) = 1 + 0 + 4*d**2 + 0*d**q - 8*d**2 - d**3. Let i = 279 - 281. What is c(i)?
-7
Let i(z) = -6 + z - z - 8*z + z**2. Let l(v) = 2*v**3 - 3*v**2 - 152*v + 309. Let h be l(2). Give i(h).
3
Suppose -b = 41 - 43. Suppose 3*n + m = -1 + 2, 0 = b*n + 3*m + 4. Let y(d) = 12*d**2 - d + 1. What is y(n)?
12
Let i be (-36)/(-54)*(0 - 1)*9. Let o(v) = v**2 - 7*v + 5. Let l(q) = -2*q**2 + 14*q - 9. Let g(m) = i*l(m) - 11*o(m). Calculate g(8).
7
Let m(n) be the first derivative of n**3/2 + n**2 + 5*n - 12. Let y(o) be the first derivative of m(o). Let x = -2 + 0. What is y(x)?
-4
Let r(u) = -u + 0*u + 3*u + 1. Let g(b) = b**2 + 22*b + 23. Let k be g(-21). Suppose 0 = -4*q + 2*h - k, -4*q - h = 3*h - 16. Determine r(q).
3
Let a(m) = 3*m**2 - 4 - 5*m**3 + 7*m - 8*m**2 + 4*m**3 + 0*m**3 + 0*m**2. Let z be 18/45 + (-64)/10. Determine a(z).
-10
Let d be -1*2*1/2. Let u(h) = -24*h**3 - 47 + 12 + 25 - h + 9. Give u(d).
24
Suppose 2*n - 3 = -1. Let b be (3/(-4 + n))/1. Let v(u) = 23*u + 6. Let k(o) = 714*o + 187. Let j(m) = -6*k(m) + 187*v(m). Determine j(b).
-17
Let z(k) = k + 1. Suppose -u = -2*h + 3 - 2, -3*u - 2*h = -5. Let i(r) = 5*r + 3. Let w(v) = u*i(v) - 6*z(v). Give w(-5).
2
Let w(n) = -17*n**3 - 6 + 5*n**3 + n + 0 + 11*n**3 + 5*n**2. What is w(5)?
-1
Let x(b) = -2*b + 5. Let h = 26 - 29. Let t(y) = 2*y - 4. Let c(q) = h*x(q) - 4*t(q). What is c(-3)?
7
Let t be (15 - 13)*(-1)/(-1). Let g(w) = -w**3 + 9*w**2 - 9*w + 6. Let r(k) = -5*k**3 + 44*k**2 - 44*k + 30. Let c(h) = t*r(h) - 11*g(h). What is c(10)?
4
Let r(b) = b**3 + 6*b**2 - 4*b - 4. Suppose -s + 70 = s. Let q = 29 - s. Calculate r(q).
20
Let u(c) = 6*c**3 - 2*c**2 - c. Let i = 15 - 12. Let y = -4 + i. Determine u(y).
-7
Suppose 5*s - w - 25 = 0, -2*s + 4*w + 10 = -0*s. Let j(d) = -s*d + 9*d + d - 6*d. Determine j(4).
-4
Let s(f) = f + 5. Suppose 60 = 3*t + 48. Give s(t).
9
Let t = 7 - 2. Let i(q) = -q**3 + 5*q**2 - 6*q + 7. Give i(t).
-23
Let c(m) = 2*m - 18. Let l(f) = -3*f + 19. Let p(h) = 4*c(h) + 3*l(h). Let n be (3 - 7)/((-2)/1). Suppose 4 = 3*k - 4*k - 2*j, j = 5*k - n. What is p(k)?
-15
Let g(v) = -4*v - 12. Suppose 20 = -5*x + r, 8*r - 13*r = 25. Determine g(x).
8
Let i(n) = -21*n - 20. Let m be i(-3). Suppose q + 7 = 5, 5*d = -4*q - m. Let a(v) = v**2 + 5*v - 7. Determine a(d).
7
Let f(o) = -3 + o + 3*o**3 + o + 8*o**2 - o. Let q(m) = 2*m**3 + 7*m**2 - 2. Let j(d) = 3*f(d) - 4*q(d). Give j(2).
-3
Let d(l) = 150*l + 4 - 144*l + l**3 + 2 + 7*l**2. Let p(t) = -3*t**2 + t - 6. Let f be p(0). Give d(f).
6
Let z = 36 - 34. Let a(t) = t**2 - 31 + 31 - z*t. Give a(5).
15
Let z(g) = g**3 + g**2 - 1. Let o(x) = -4*x**3 - 8*x**2 + 8. Let v(f) = o(f) + 3*z(f). Let w = -5 - -5. Let q be (w + 1)/((-64)/20 + 3). Determine v(q).
5
Let q be 5 + (-5)/(15/9). Let u(p) = p**3 - 74*p + 2 + 74*p + p**q. Calculate u(0).
2
Let a(g) = -5 + 3*g + 1 + 3. Let b be 415/83 - 7*1. Calculate a(b).
-7
Let f(q) = 9*q**2 - 34*q - 110. Let d(o) = -4*o**2 + 16*o + 56. Let g(v) = 7*d(v) + 3*f(v). What is g(14)?
6
Suppose 10*c - 5*c + 15 = 0. Let r(k) = -k**3 - 3*k**2 - 4*k - 4. Give r(c).
8
Let g = 47 + -44. Let u(o) = -g*o + 3 - 4 - 6 + 4. Give u(3).
-12
Let y be ((6/3)/2)/((-6)/24). Let g(p) = 4 + 5 - 5 + 2*p. Determine g(y).
-4
Let u(j) = j + 11. Let n be (-6 - -20)/(-4 + 2). Let v be u(n). Let x(m) = m**3 - 5*m**2 - m + 5. What is x(v)?
-15
Let o(u) = -77*u**2 - 13*u + 127. Let h(k) = 25*k**2 + 4*k - 40. Let x(l) = 19*h(l) + 6*o(l). What is x(1)?
13
Let l(a) = a**3 + 6*a**2 - 4*a - 1. Let f(x) = 6*x**3 + 31*x**2 - 21*x - 4. Let j(h) = -2*f(h) + 11*l(h). What is j(5)?
-38
Let d(a) = 5*a**3 - 10*a**2 - 8*a - 5. Let x(g) be the first derivative of 9*g**4/4 - 19*g**3/3 - 8*g**2 - 9*g - 29. Let j(c) = 7*d(c) - 4*x(c). Give j(7).
8
Let s(u) = u**2 - 4*u - 1. Suppose 0 = 2*z + 4*o - 25 - 15, -15 = -4*z + 5*o. Let r be 6 - (-5)/z*0. Calculate s(r).
11
Let g(b) be the second derivative of -b**3/6 - 5*b**2 + 861*b. Calculate g(8).
-18
Let u(k) be the third derivative of -k**5/60 - 7*k**4/8 - 4*k**3/3 + 3*k**2 - 87*k. Determine u(-21).
-8
Let h(b) = -11 + 994*b**2 + 15 - 4*b - 992*b**2. Let d = 1 - -2. What is h(d)?
10
Let d(u) be the second derivative of -u**4/3 - u**3/3 - u**2/2 + 11*u. Let b(y) = y + 2. Let o be b(-3). Determine d(o).
-3
Let l(s) be the second derivative of s**5/4 - s**3/6 - 17*s. Let u(y) = -y**2 + 12*y - 12. Let v be u(11). Determine l(v).
-4
Let y(l) = -l**3 + 3*l**2 + 4*l. Let n be (-5 - (-7 + -3)) + -1. Give y(n).
0
Suppose 5*u + 27 = 22. Let k(g) = -34*g - 2. Determine k(u).
32
Let g(l) = l**3 + 4*l**2 - l + 2. Let v = 576 - 580. Calculate g(v).
6
Let u(d) = 2*d**2 + 6*d - 17. Let w(t) = -t**2 + 9*t - 5. Let m be w(9). Let r be u(m). Let i(x) = x - 3. What is i(r)?
0
Let d(y) = 1 + 2 - 1 + 2 - 6*y - 2. Suppose -3*c + 5*u + 6 = 0, -3*u + 8 = 5*c - c. Calculate d(c).
-10
Let o(y) = 6*y**3 - 15*y**2 + 11*y + 6. Let s(f) = 4*f**3 - 10*f**2 + 7*f + 4. Let a(h) = -5*o(h) + 8*s(h). What is a(3)?
14
Let k(o) = o**2 + 9*o + 10. Let w be k(-10). Let a(z) = 52 - 21 - z - 14 - w. Calculate a(-5).
2
Let a(x) = x**2 - 2*x - 4. Suppose 3042 = 37*y + 2*y. Let q = 387 + -789. Let j be 2/(-13) - q/y. What is a(j)?
11
Suppose -5*z + 5*y = -28 - 7, 3*y + 9 = -3*z. Let s(l) = -l**2 - 8 + 2*l**2 - 2*l**z + 7. Give s(2).
-5
Let g(y) = y**3 - 11*y**2 - 17*y + 10. Let s(a) = -8*a - 12. Let w be s(-3). What is g(w)?
-50
Let b(n) = -n**2 + 68*n - 4 + 64*n - 125*n. What is b(3)?
8
Let x(q) = q**2 + q - 1. Let i(o) = -9*o**2 - 10*o + 3. Let t(g) = -i(g) - 2*x(g). Let k(b) = -14*b**2 - 15*b + 1. Let p(m) = 4*k(m) + 7*t(m). Give p(-2).
-23
Suppose p = -3*p. Let l(a) = a - 1. Let f(w) = -15*w + 8. Let i(u) = -f(u) - 6*l(u). Let c(x) = 16*x - 3. Let b(m) = -4*c(m) + 7*i(m). Determine b(p).
-2
Let r(n) = n**2 + 6*n + 3. Let a be -5 + (-153)/(-27) - (-40)/(-6). Determine r(a).
3
Let p(w) = w**3 + 4*w**2 + w - 2. Suppose o + 5*d - 16 = -0*d, -3*o + 5*d = -28. Suppose -2*b + 2 = 0, -4*b = -6*l + l + o. Suppose 0 = -r - l. Calculate p(r).
4
Let o(h) = 196*h - 197*h - 5*h**2 + 13*h**2 - 2. What is o(2)?
28
Let l(b) = -b - 5. Let c be 3 + -6 - (-6)/(-2). Let y(j) = -1. Let x(r) = c*y(r) + l(r). Give x(7).
-6
Let f(l) be the first derivative of -l**3/3 + 2*l**2 + 6*l - 3. Suppose -3*g + 41 = 47. Let q be 16/(-12)*-6 + g. Determine f(q).
-6
Suppose 57 = 3*z + 21. Let s be 9/(-6)*(-